is divided by (1 - 9/3) + 32?
28
Let s be (-44)/(-4) - 3 - -1. Let p(r) = -6 - 1 + 2*r + s. Calculate the remainder when p(4) is divided by 4.
2
Let t(z) = 10*z**2 + 5*z - 11. Calculate the remainder when 462 is divided by t(3).
86
Let c(j) = 2*j**2 + 6*j - 17. What is the remainder when 0 + 1 + 75/3 is divided by c(2)?
2
Let i = 25 + -22. Let r(g) = -19*g - 11 + g**2 - 5 + 16*g**2 + g**i. What is the remainder when 5 is divided by r(-18)?
1
Suppose -5*d = -4*q - 899, 2*d + 3*d + 5*q = 890. Suppose 25 + d = 3*m - 2*c, 2*c = 6. Calculate the remainder when m is divided by 20.
10
Let i(j) = -j**3 - 2*j**2 + 2*j + 2. Let d be i(-3). Suppose 4*r = 5*f + 45, r - 6*r + 55 = -d*f. Calculate the remainder when 2 + -1*1 - -17 is divided by r.
8
Suppose 0*t + 6 = 2*t. Suppose t*a + 6 = 0, 2*w - 2*a - 27 = 17. Calculate the remainder when (-7 + -309)*(10/(-8))/5 is divided by w.
19
Let c be 37 - 4/((-16)/12). Calculate the remainder when 6/6*3 + c/1 is divided by 11.
10
Calculate the remainder when 1626*3/(1 - -5)*1 is divided by 51.
48
Let r(q) = q**3 + 16*q**2 + 5*q + 8. Calculate the remainder when r(-15) is divided by 20.
18
Suppose 562 + 698 = 18*o. Suppose -48 = t + t. Let d = 0 - t. What is the remainder when o is divided by d?
22
Let c = 211 - 116. Suppose -6*h + c = -h. Calculate the remainder when 53 is divided by h.
15
Suppose -3*x - 4 = -3*s - 82, 56 = 2*x - 3*s. What is the remainder when 36 is divided by x?
14
Let d = -21 - -23. What is the remainder when (d*10)/(1/2) is divided by 21?
19
Let k = 562 + -222. Let z = k - 175. Calculate the remainder when z is divided by 28.
25
Suppose -330 = 14*s - 19*s. Suppose 5*z - 4*z = s. Let t = 80 + -57. What is the remainder when z is divided by t?
20
Let f(r) = -r + 8. Let t be f(7). Let h be (16 + -8)*t/4. Suppose 0 = -3*q + h + 22. Calculate the remainder when 13 is divided by q.
5
Let x(p) = -2*p - 18. Let f be x(-5). Let v(u) = u**2 + 2*u - 4. What is the remainder when 129 is divided by v(f)?
41
Suppose 0 = 20*o - 413 - 787. What is the remainder when 592 is divided by o?
52
Let v(j) = j**2 - 6*j - 20. Calculate the remainder when 46*1*(-123)/(-82) is divided by v(11).
34
Let b(s) = -4*s**3 - 5*s**2 - 4. Let q(k) = 9*k**3 + 11*k**2 + 8. Let d(h) = -13*b(h) - 6*q(h). What is the remainder when 29 is divided by d(-2)?
13
Let z = 196 - 118. What is the remainder when z is divided by 27?
24
Let f(r) = -2*r**2 - 22*r - 24. Let t be f(-9). Calculate the remainder when 31 is divided by (-31)/(-2) + -4 + 54/t.
15
Let z = 149 - 105. What is the remainder when 78 is divided by z?
34
Suppose -3*b + 6*a + 36 = 3*a, 0 = -b - 5*a + 30. Suppose o = 4*o + b. Calculate the remainder when 28 is divided by ((-30)/(-21))/(o/(-35)).
8
Suppose 5*o - 83 = 3*p + 7, -18 = -o - 5*p. Suppose q = -4*q. Let j = q - -5. What is the remainder when o is divided by j?
3
Let p = 1267 - 1211. What is the remainder when 128 is divided by p?
16
Let x be 6/(-6 - -8) - (39 - 1). Let r = 94 + x. Calculate the remainder when r is divided by 6.
5
Suppose 3*y - 5*j = 40, y = -2*y - 5*j - 10. Suppose -w + 44 = w. Calculate the remainder when w is divided by y.
2
Suppose -35 = -4*j + 41. Suppose -5*l + 24 - j = 0. Calculate the remainder when 54 is divided by -2 + l + 15 + 5.
16
Suppose -3*j - 2*i + 3*i - 14 = 0, 3*j + 6 = -3*i. Let b = j + 4. Suppose b*t = t - 14. What is the remainder when 24 is divided by t?
10
Suppose d + 5*d = 1482. Calculate the remainder when d is divided by 25.
22
Suppose -w + 52 = 5*s, 3*s - 6*w = -2*w + 45. Suppose -247 = -4*o - r, 2*o - 94 - 7 = -5*r. What is the remainder when o is divided by s?
8
Let a(w) = w**3 - w**2 + 2*w - 3. Let r be (8/(-7))/(10/(-35)). Suppose r = n + 2. What is the remainder when a(n) is divided by 3?
2
Let j be (14/(-21))/((-2)/168). Suppose 2*w + 5*x = -j, -3*x - 111 = 5*w - 5*x. Let g = w - -49. What is the remainder when g is divided by 7?
5
Let g(r) = 2*r**2 + 2*r - 2. Let u be (-1*(3 - 7) - 2) + 4. Suppose -9*j + 6 = -u*j. Calculate the remainder when j is divided by g(-2).
0
Let q be (-17254)/(-10) + (-12)/30. Suppose -q = -6*l + l. Suppose 3*y - 234 = -3*m, 5*m = 5*y + m - l. What is the remainder when y is divided by 25?
23
Let i = 1 + -1. Suppose 0 = -2*f + 118 - i. Calculate the remainder when f is divided by -3 + (-392)/(-22) + 12/66.
14
Suppose 3*x + 201 = 4*r, 0 = r + 3*r + 5*x - 177. Calculate the remainder when 285 is divided by r.
45
Let h(t) = 17*t - 10. Let w be h(3). Suppose 2*r - 7 = w. Calculate the remainder when r is divided by 13.
11
Suppose 2*u - 96 = -0*u. Let c(s) = 129*s - 2691. Calculate the remainder when u is divided by c(21).
12
Let v = 1125 - 726. Calculate the remainder when v is divided by 16.
15
Let s(q) = -5*q**3 + q**2 + q - 13. Let t be s(-3). Let x = -52 + t. What is the remainder when x is divided by 20?
16
Suppose -3*u - 1 = -82. What is the remainder when 86 is divided by u?
5
Let l = -507 - -264. What is the remainder when 70 is divided by (l/(-45) + -5)/(1/95)?
32
Let i(p) = 243*p - 352. What is the remainder when i(2) is divided by 11?
2
Let m = -155 - -256. Calculate the remainder when m is divided by 7.
3
Suppose -3*q - 1 = -13. Suppose 4*l + 37 + q = d, 0 = 2*d - l - 54. Calculate the remainder when d is divided by 7.
4
Let z(q) = 2*q**3 - 9*q**2 - 4*q - 42. Calculate the remainder when z(6) is divided by 36.
6
Suppose 0 = -3*g + 4 - 1, -5*g - 121 = -3*c. Suppose 5*a - 48 = c. Calculate the remainder when 50 is divided by a.
14
Let c(u) = -u**2 - 6*u + 2. Let i be c(8). Let j be i/(-8) - (-10)/40. Let l = 31 - j. What is the remainder when 65 is divided by l?
14
Suppose 11*y - 14*y = -141. Let w = y - -22. Calculate the remainder when w is divided by 15.
9
Suppose -5*h - n + 140 = -6*n, 3*h - 124 = -5*n. Calculate the remainder when (-1)/2*(-2 + 2*-95) is divided by h.
30
Let d = 95 + -85. Calculate the remainder when 65 is divided by d.
5
Suppose 12 - 18 = 3*r. Let j be ((-3)/6)/(-1)*r. Calculate the remainder when (j - -24)/(-1 - -2) is divided by 6.
5
Suppose 3*s = -6*s + 18. Suppose m - 86 = -s*z + 5*m, m + 74 = 2*z. What is the remainder when z is divided by 10?
5
Let b(z) = 7*z**2 + 197*z + 38. What is the remainder when b(-28) is divided by 8?
2
Let x(q) = -q**3 + q**2 + 2*q - 2. Let d be x(-4). Let y be 43/2*(1 + 1). Let w = d - y. Calculate the remainder when 51 is divided by w.
24
Suppose n + 0*r - r = 27, 4*n - 5*r - 106 = 0. Calculate the remainder when 82 is divided by n.
24
Suppose -2*s + 28 = 12*o - 11*o, 5*o = -s + 167. What is the remainder when 407 is divided by o?
33
Suppose -213 = -7*u - 1109. What is the remainder when 107 is divided by 20/30 + u/(-6)?
19
Suppose -657 = -20*r + 503. Calculate the remainder when r is divided by (-4)/(-10)*25*2.
18
Suppose -54 = -6*l + 4*l. Suppose -2*p - 3*p + 15 = 0. Suppose p*x + 3 = l. What is the remainder when 22 is divided by x?
6
Suppose 6*s - s = 0, -4*c = s - 192. Let q = c + -34. What is the remainder when q is divided by 5?
4
Suppose 0 = -81*q + 5797 + 4571. What is the remainder when 240 is divided by q?
112
Suppose 2*t + 3*o = 26, -t + 23 = -6*o + 5*o. What is the remainder when 131 is divided by t?
17
Suppose -64 = -2*d + 4*m, 4*d - 2*m + 4*m - 128 = 0. Let v be (-18)/8*d/6. Let b = v + 16. Calculate the remainder when 11 is divided by b.
3
Suppose -n = -4*f - 83, -3*n = f - 0*n + 24. Let s = 127 + -55. What is the remainder when s is divided by 6/f + 107/7?
12
Suppose -2*r + 7*n - 4*n + 427 = 0, r - 4*n = 226. What is the remainder when r is divided by 26?
24
Suppose 0*u - 4*s = u - 10, -3*s = -4*u + 21. Let y = u - -11. Calculate the remainder when 83 is divided by y.
15
Let y = 388 + -353. What is the remainder when y is divided by 16?
3
Suppose 1060 = 12*r - 104. Calculate the remainder when 164 is divided by r.
67
Calculate the remainder when 50 is divided by 5 - (-17 - (5 + -1 - 9)).
16
Let f(n) = 2*n + 23. Let g be f(-14). Suppose -290 = -5*w - m, -m = 5*w + m - 295. What is the remainder when w is divided by 1*(-1 - 0)*(-10 + g)?
12
Let h(c) = -9*c - 6. Let s(z) = -4*z - 3. Let o(k) = 4*h(k) - 7*s(k). Suppose 0 = -26*f + 20*f + 36. What is the remainder when o(-3) is divided by f?
3
Suppose 23*a = 20*a + 3*c + 345, -5*c = 0. Let t = 31 + -2. Calculate the 